)/(-9). Suppose -c + 3 = -z, 6*z + 3*c = 2*z + t. Suppose -4*p + 2*j = 7*j - 278, z*j = -5*p + 339. Is p composite?
False
Is 1/(6/(-30)) + 592 a composite number?
False
Suppose -i - i - k = -812, -k = 5*i - 2033. Suppose 0 = 3*w - 2*w - i. Is w prime?
False
Let s(v) = 7*v**3 + 7*v + 3. Let d(m) = 13*m**3 - m**2 + 14*m + 7. Let l(i) = 4*d(i) - 7*s(i). Is l(6) a composite number?
True
Let p(t) = t + 8. Let n be p(-9). Let o be n/(1 + -2) + -2. Is o/5 - (-106)/5 composite?
True
Let a(w) be the third derivative of w**6/120 - w**5/60 + 365*w**3/2 + 3*w**2. Let k be a(0). Suppose -203 + k = 4*i. Is i composite?
False
Let m be (-8)/(-28) + (-24)/(-14). Suppose m*j + 276 - 1178 = 0. Suppose 32 + j = 5*d + l, d - l = 99. Is d composite?
False
Let x be (19/(-2))/(1/(-2)). Let t = x + -19. Let u(j) = -j**2 - j + 263. Is u(t) composite?
False
Suppose -6*s = r - 9*s - 943, 5*r - 4*s = 4759. Is r a composite number?
True
Let z be (63/42)/((-2089)/(-2092) + -1). Let b = 147 - z. Is b prime?
True
Let o(m) = -207*m - 16. Is o(-9) a composite number?
False
Let m(z) = -65*z**2 - 4*z + 0 + 6*z + 2. Let j(g) = -33*g**2 + g + 1. Let v(l) = -9*j(l) + 4*m(l). Is v(-1) a prime number?
True
Let c be 0*(1 + (-12)/8). Suppose -4*f + 142 - 18 = c. Is f a composite number?
False
Let l be (-528)/(-9)*15/10. Let d be (2*-29)/(-2) + -2. Suppose m - l = d. Is m a composite number?
True
Let g be (654/4)/((-4)/(-16)). Let t = g - 455. Is t a prime number?
True
Suppose 0 = 3*c - 3*j - 11892, 4*c - 4*j = -7*j + 15877. Is c composite?
False
Let l(a) = -a - 1. Let p(d) = 121*d - 16. Let i(r) = 5*l(r) + p(r). Is i(2) a composite number?
False
Is (21642/(-8)*(-40)/(-15))/(-2) a composite number?
False
Let x(o) = -o**3 + 4*o**2 + 5*o + 4. Let y be x(5). Suppose 12 = -2*i + y*i. Suppose i*d - 726 = 3348. Is d prime?
False
Suppose 5*b - 11390 = 3*b. Suppose 7*k + 837 = b. Is k a prime number?
False
Suppose 0 = 4*z - 42 + 122. Let x be (-2887)/(-4) + z/(-80). Let r = x + -303. Is r prime?
True
Suppose 3*q = -q - 32. Let d be 2019/(-27) - q/(-36). Let g = 224 + d. Is g composite?
False
Suppose -234137 = 75*u - 94*u. Is u composite?
False
Let f = 25930 - 7143. Is f prime?
True
Suppose -8*r + r = -20223. Suppose -r = -2*i + 13225. Is i a composite number?
True
Let o(g) be the second derivative of 3*g**4/4 - 7*g**3 + 4*g**2 + g + 4. Is o(-17) a composite number?
False
Suppose y + 63 = 4*y. Let i = y + -15. Suppose -i*f + 2*f + 884 = 0. Is f composite?
True
Suppose -2 = 3*g + 2*o, 3*g = -3*o - o - 10. Suppose -4*c + 148 = -3*s, -5*c + 66 = -g*s - 119. Suppose 0 = 2*u - 37 - c. Is u a prime number?
True
Let j(v) = 4*v + 1. Let s be j(6). Let i = s - 12. Suppose 195 = -10*m + i*m. Is m prime?
False
Let a = -26 - -29. Let n be (370/a)/((-4)/(-6)). Suppose -k + n = -162. Is k a composite number?
False
Let t(u) = u**2 - 14*u + 2. Let g be t(14). Suppose -q + g*q = -335. Is q/(-15)*(-6)/(-2) a prime number?
True
Suppose -4*f + 60*f - 5563768 = 0. Is f a composite number?
True
Is -2 + 5041 - 0/5 prime?
True
Suppose 5*a + w + 1299 + 517 = 0, w = 3*a + 1088. Let d = 4 + -2. Is (d/(-6))/(1/a) composite?
True
Suppose -9*c = -8*c. Is (c - (0 - -2)) + 213 composite?
False
Suppose 3973 = 3*g - 2486. Is g a composite number?
False
Suppose x - 4*v = 1977, 0 = -5*x - 5*v + 5351 + 4434. Is x composite?
True
Suppose 4520 = -4*g + l + 2*l, 0 = 2*g - 4*l + 2250. Let a = -84 - g. Is a composite?
False
Suppose 301 = -b + 8*b. Suppose -b*d + 45*d = 3122. Is d a prime number?
False
Let d(y) = 2*y - 3. Let r be d(6). Suppose 1097 = 4*a - 5*t, -1087 = -4*a - r*t + 4*t. Suppose -5*p = 8 - a. Is p a composite number?
False
Let a = -14 - -11. Let n be (248/4 - a)*2. Suppose -w = w - n. Is w a prime number?
False
Suppose d = 2*d + 5*h - 2091, d + 2*h - 2097 = 0. Is d prime?
False
Let s = 4667 + -3284. Let y = s + -692. Is y a prime number?
True
Suppose 2*c = -3*m + 22, 7 = 3*m - 4*c - 21. Let z(j) = 122*j - 9. Is z(m) composite?
False
Suppose -5*x - 69 + 79 = 0. Suppose -x*m + 2084 = 2*v, -3*m + 8*v - 3*v = -3134. Is m a prime number?
False
Suppose 0 = -3*b - s + 40096, -2*s = -7*b - 36073 + 129652. Is b composite?
False
Suppose b + 156637 = 14*b. Is b a composite number?
False
Suppose 3248 = -4*u - 2*p + 231434, -4*u + 5*p + 228221 = 0. Is u prime?
False
Let k(d) = 0 - 4 + 2*d + d + 38*d**2 + 0. Let m be k(-3). Is (m/2)/(4/8) composite?
True
Let n(m) = 30*m**2 + 9*m - 87. Is n(12) a prime number?
False
Let m = 24 - 24. Let l(j) = -j**3 + 4*j**2 + 6*j - 2. Let q be l(5). Suppose q*t - s = -0*s + 82, m = -t + 3*s + 38. Is t composite?
True
Let i = 853 - -1044. Is i composite?
True
Suppose -4*l = -5*f - 0*l + 137, -2*f - 2*l + 62 = 0. Let c(x) = -75*x + 26 - 25*x - f. Is c(-4) prime?
True
Let k = 28 + -15. Suppose -10*d = -k*d. Suppose 5*c - 726 = -3*w + 751, d = 5*w + 5*c - 2455. Is w a prime number?
False
Suppose 8*u - 12*u - 12523 = -3*v, -v = -3*u - 4166. Is v prime?
False
Let n be (-2)/(-9) + 18710/45. Let v(r) = r**3 + 7*r**2 + 6*r - 13. Let b be v(-9). Let o = b + n. Is o a composite number?
True
Let c(k) = k**2 - 8*k + 11. Let t(a) = a**2 - 9*a + 10. Let s(i) = 5*c(i) - 4*t(i). Is s(20) a composite number?
True
Suppose -73595 = -533*s + 528*s. Is s prime?
False
Is (-1)/(-3*(-8)/(-30552)) composite?
True
Let z be (12/10)/((-9)/(-30)). Let s = z - 11. Is (2229/6)/(s/(-14)) prime?
True
Let n = 590 - 2113. Let w = 2418 + n. Is w a composite number?
True
Let a = 26 + -21. Suppose h + 2*k = -3*h + 2128, 2*h = -2*k + 1060. Suppose 2*m = -4*w + m + h, 0 = a*m + 10. Is w prime?
False
Suppose -5*o + 25877 = 4*a, -12*o + 10*o + 2*a + 10340 = 0. Is o composite?
True
Let q(v) = 7*v**2 + 15*v + 23. Is q(6) composite?
True
Let l(d) = d**3 + 18*d**2 + 5*d - 8. Let n be l(-12). Let z = n + 25. Is z prime?
True
Suppose -5*q + 3717 = 3*j - 5584, -j + 3*q + 3119 = 0. Is j composite?
True
Let q(c) = c**2 - 4*c - 11. Let j be q(8). Suppose -4*m = -7*m + j. Is m prime?
True
Let b = -155 + 352. Let y = b - 79. Is y composite?
True
Is ((-5227)/(-2))/(12/24) composite?
False
Let q be 57/7 + (-3)/21. Suppose -45 = 3*t - q*t. Let f(k) = k**3 - 7*k**2 - 4*k + 5. Is f(t) composite?
False
Is (-302834)/(-22) + (-82)/451 composite?
True
Let b(s) = 31*s**2 - 4*s - 187. Is b(-10) prime?
True
Let f(y) = -14*y**3 + 68*y**2 - 3*y + 42. Let c(i) = 5*i**3 - 23*i**2 + i - 14. Let z(q) = 17*c(q) + 6*f(q). Is z(-15) a prime number?
True
Suppose -79*k = -72*k - 43673. Is k a prime number?
False
Suppose -4*m - 9 = -4*s + 59, 3*s - 5*m - 53 = 0. Suppose 8*a = s*a - 424. Is a prime?
True
Let i be (-1 + 1)*2/(-6). Let b(l) = -29*l + 2. Let q be b(-3). Let v = q - i. Is v a composite number?
False
Let l = 13 - 7. Let f be -96*(46/l - -1). Let c = -497 - f. Is c prime?
False
Suppose -i = -2*p - 12765, 0 = 2*i - i - 4*p - 12769. Is i a composite number?
True
Suppose 290*t + 9645 = 291*t. Suppose 0*k = -2*c + k + 4823, k + t = 4*c. Is c prime?
True
Suppose 24*r - 297026 = -56858. Is r a prime number?
True
Let o be -1 - 0/(2 - -1). Let r be (-561 - 0)*o*1. Suppose -r = -w - 2*w. Is w composite?
True
Let d(u) = u + 6. Let m be d(-5). Let x be 36 - (1 + m + -3). Suppose 0 = 4*a - 3*a - x. Is a composite?
False
Let k = 1491 + -850. Is k a composite number?
False
Let w = -73472 - -134463. Is w a prime number?
False
Is (-2182707)/(-54)*(-2)/(-3) composite?
False
Suppose w - 1336 = -5*z + 443, 5*w - 8949 = 2*z. Suppose 0 = 2*l - 5*o - w, o + 890 = -4*l + 5*l. Is l composite?
False
Let h = 1135 + 392. Is h a composite number?
True
Let j(f) = f + 470. Let p be j(0). Suppose o - 471 = y, 3*y + p = o + y. Let w = -281 + o. Is w a prime number?
True
Let n(v) = 241*v**2 - 24*v + 1. Is n(4) prime?
True
Let f be 3 + (-5 - -3)*1. Let i = 7 + f. Suppose 641 = 9*l - i*l. Is l prime?
True
Suppose 29*z - 42584 - 75823 = 0. Is z a prime number?
False
Suppose -5 = -o - 2*x, 3*o - 5 = -2*x + 2. Is o*(-3)/9 - (-1038)/9 a prime number?
False
Let r(o) = 2*o**2 - 9*o - 8. Let c be r(8). Let m = -21 - c. Is m*((-4)/(-6) - 1) composite?
False
Suppose -2*f + 2*y = -12212, -21809 = -4*f + 3*y + 2618. Is f composite?
True
Suppose -4*r + 5*x = -16078, 21*r + 12058 = 24*r - 4*x. Is r prime?
False
Let y(i) = -2*i + 2. Let g be y(1). Suppose 8 = 3*u - u, 2*x + 3*u - 2122 = g. Is x a prime number?
Fa